{"id":5051,"date":"2026-02-20T13:48:27","date_gmt":"2026-02-20T12:48:27","guid":{"rendered":"https:\/\/teodorabcn.com\/?post_type=product&#038;p=5051"},"modified":"2026-02-20T13:50:32","modified_gmt":"2026-02-20T12:50:32","slug":"a-macetero","status":"publish","type":"product","link":"https:\/\/teodorabcn.com\/ca\/producte\/a-macetero\/","title":{"rendered":"A"},"content":{"rendered":"<p data-path-to-node=\"3\"><span class=\"\">El macetero de la serie A representa la excelencia en la <strong>artesan\u00eda del barro<\/strong>,<\/span><span class=\"\"> dise\u00f1ado para integrarse de forma escult\u00f3rica en cualquier proyecto de paisajismo.<\/span><span class=\"\"> C<\/span><span class=\"\">ada pieza es \u00fanica y presenta una textura org\u00e1nica que resalta la pureza del material y su car\u00e1cter atemporal.<\/span><\/p>\n<p data-path-to-node=\"4\"><span class=\"\">Estas piezas, dise\u00f1adas en B\u00e9lgica, se caracterizan por su <\/span><b class=\"\" data-path-to-node=\"4\" data-index-in-node=\"36\">extraordinaria resistencia y durabilidad<\/b><span class=\"\">,<\/span><span class=\"\"> siendo capaces de soportar climas extremos sin perder su integridad est\u00e9tica.<\/span><\/p>","protected":false},"excerpt":{"rendered":"<p>El macetero de la serie A representa la excelencia en la artesan\u00eda del barro, dise\u00f1ado para integrarse de forma escult\u00f3rica en cualquier proyecto de paisajismo. Cada pieza es \u00fanica y presenta una textura org\u00e1nica que resalta la pureza del material y su car\u00e1cter atemporal. Estas piezas, dise\u00f1adas en B\u00e9lgica, se caracterizan por su extraordinaria resistencia [&hellip;]<\/p>","protected":false},"featured_media":5053,"comment_status":"closed","ping_status":"closed","template":"","meta":[],"product_brand":[62,51],"product_cat":[156],"product_tag":[],"class_list":{"0":"post-5051","1":"product","2":"type-product","3":"status-publish","4":"has-post-thumbnail","6":"product_brand-a","7":"product_brand-atelier-vienkant","8":"product_cat-maceta","10":"first","11":"instock","12":"shipping-taxable","13":"product-type-simple"},"yoast_head":"<!-- This site is optimized with the Yoast SEO plugin v26.6 - https:\/\/yoast.com\/wordpress\/plugins\/seo\/ -->\n<title>A - Teodora<\/title>\n<meta name=\"description\" content=\"Macetero artesanal modelo A de Atelier Vierkant fabricado en cer\u00e1mica de alta densidad con texturas org\u00e1nicas \u00fanicas para dar vida con estilo tu terraza.\" \/>\n<meta name=\"robots\" content=\"index, follow, max-snippet:-1, max-image-preview:large, max-video-preview:-1\" \/>\n<link rel=\"canonical\" href=\"https:\/\/teodorabcn.com\/ca\/producte\/a-macetero\/\" \/>\n<meta property=\"og:locale\" content=\"ca_ES\" \/>\n<meta property=\"og:type\" content=\"article\" \/>\n<meta property=\"og:title\" content=\"A - Teodora\" \/>\n<meta property=\"og:description\" content=\"Macetero artesanal modelo A de Atelier Vierkant fabricado en cer\u00e1mica de alta densidad con texturas org\u00e1nicas \u00fanicas para dar vida con estilo tu terraza.\" \/>\n<meta property=\"og:url\" content=\"https:\/\/teodorabcn.com\/ca\/producte\/a-macetero\/\" \/>\n<meta property=\"og:site_name\" content=\"Teodora\" \/>\n<meta property=\"article:publisher\" content=\"https:\/\/www.facebook.com\/profile.php?id=61550838347854\" \/>\n<meta property=\"article:modified_time\" content=\"2026-02-20T12:50:32+00:00\" \/>\n<meta property=\"og:image\" content=\"https:\/\/teodorabcn.com\/wp-content\/uploads\/2026\/02\/Maceta-A-2.png\" \/>\n\t<meta property=\"og:image:width\" content=\"960\" \/>\n\t<meta property=\"og:image:height\" content=\"1200\" \/>\n\t<meta property=\"og:image:type\" content=\"image\/png\" \/>\n<meta name=\"twitter:card\" content=\"summary_large_image\" \/>\n<meta name=\"twitter:label1\" content=\"Temps estimat de lectura\" \/>\n\t<meta name=\"twitter:data1\" content=\"1 minut\" \/>\n<script type=\"application\/ld+json\" class=\"yoast-schema-graph\">{\"@context\":\"https:\/\/schema.org\",\"@graph\":[{\"@type\":\"WebPage\",\"@id\":\"https:\/\/teodorabcn.com\/producto\/a-macetero\/\",\"url\":\"https:\/\/teodorabcn.com\/producto\/a-macetero\/\",\"name\":\"A - Teodora\",\"isPartOf\":{\"@id\":\"https:\/\/teodorabcn.com\/#website\"},\"primaryImageOfPage\":{\"@id\":\"https:\/\/teodorabcn.com\/producto\/a-macetero\/#primaryimage\"},\"image\":{\"@id\":\"https:\/\/teodorabcn.com\/producto\/a-macetero\/#primaryimage\"},\"thumbnailUrl\":\"https:\/\/teodorabcn.com\/wp-content\/uploads\/2026\/02\/Maceta-A-2.png\",\"datePublished\":\"2026-02-20T12:48:27+00:00\",\"dateModified\":\"2026-02-20T12:50:32+00:00\",\"description\":\"Macetero artesanal modelo A de Atelier Vierkant fabricado en cer\u00e1mica de alta densidad con texturas org\u00e1nicas \u00fanicas para dar vida con estilo tu terraza.\",\"breadcrumb\":{\"@id\":\"https:\/\/teodorabcn.com\/producto\/a-macetero\/#breadcrumb\"},\"inLanguage\":\"ca\",\"potentialAction\":[{\"@type\":\"ReadAction\",\"target\":[\"https:\/\/teodorabcn.com\/producto\/a-macetero\/\"]}]},{\"@type\":\"ImageObject\",\"inLanguage\":\"ca\",\"@id\":\"https:\/\/teodorabcn.com\/producto\/a-macetero\/#primaryimage\",\"url\":\"https:\/\/teodorabcn.com\/wp-content\/uploads\/2026\/02\/Maceta-A-2.png\",\"contentUrl\":\"https:\/\/teodorabcn.com\/wp-content\/uploads\/2026\/02\/Maceta-A-2.png\",\"width\":960,\"height\":1200,\"caption\":\"Maceta A\"},{\"@type\":\"BreadcrumbList\",\"@id\":\"https:\/\/teodorabcn.com\/producto\/a-macetero\/#breadcrumb\",\"itemListElement\":[{\"@type\":\"ListItem\",\"position\":1,\"name\":\"Portada\",\"item\":\"https:\/\/teodorabcn.com\/\"},{\"@type\":\"ListItem\",\"position\":2,\"name\":\"Shop\",\"item\":\"https:\/\/teodorabcn.com\/shop\/\"},{\"@type\":\"ListItem\",\"position\":3,\"name\":\"A\"}]},{\"@type\":\"WebSite\",\"@id\":\"https:\/\/teodorabcn.com\/#website\",\"url\":\"https:\/\/teodorabcn.com\/\",\"name\":\"Teodora Exteriorismo\",\"description\":\"Creamos terrazas y jardines con car\u00e1cter.\",\"publisher\":{\"@id\":\"https:\/\/teodorabcn.com\/#organization\"},\"alternateName\":\"Teodora\",\"potentialAction\":[{\"@type\":\"SearchAction\",\"target\":{\"@type\":\"EntryPoint\",\"urlTemplate\":\"https:\/\/teodorabcn.com\/?s={search_term_string}\"},\"query-input\":{\"@type\":\"PropertyValueSpecification\",\"valueRequired\":true,\"valueName\":\"search_term_string\"}}],\"inLanguage\":\"ca\"},{\"@type\":\"Organization\",\"@id\":\"https:\/\/teodorabcn.com\/#organization\",\"name\":\"Teodora Exteriorismo\",\"alternateName\":\"Teodora\",\"url\":\"https:\/\/teodorabcn.com\/\",\"logo\":{\"@type\":\"ImageObject\",\"inLanguage\":\"ca\",\"@id\":\"https:\/\/teodorabcn.com\/#\/schema\/logo\/image\/\",\"url\":\"https:\/\/teodorabcn.com\/wp-content\/uploads\/2023\/10\/Teodora_logo-_EXT-Ok-ESP-e1706538305612.jpg\",\"contentUrl\":\"https:\/\/teodorabcn.com\/wp-content\/uploads\/2023\/10\/Teodora_logo-_EXT-Ok-ESP-e1706538305612.jpg\",\"width\":1540,\"height\":573,\"caption\":\"Teodora Exteriorismo\"},\"image\":{\"@id\":\"https:\/\/teodorabcn.com\/#\/schema\/logo\/image\/\"},\"sameAs\":[\"https:\/\/www.facebook.com\/profile.php?id=61550838347854\",\"https:\/\/www.instagram.com\/teodora.exteriorismo\/?hl=es\",\"https:\/\/www.pinterest.es\/teodora_exteriorismo\/\",\"https:\/\/www.linkedin.com\/company\/teodora-bcn-exteriorismo\/\"]}]}<\/script>\n<!-- \/ Yoast SEO plugin. -->","yoast_head_json":{"title":"A - Teodora","description":"Macetero artesanal modelo A de Atelier Vierkant fabricado en cer\u00e1mica de alta densidad con texturas org\u00e1nicas \u00fanicas para dar vida con estilo tu terraza.","robots":{"index":"index","follow":"follow","max-snippet":"max-snippet:-1","max-image-preview":"max-image-preview:large","max-video-preview":"max-video-preview:-1"},"canonical":"https:\/\/teodorabcn.com\/ca\/producte\/a-macetero\/","og_locale":"ca_ES","og_type":"article","og_title":"A - Teodora","og_description":"Macetero artesanal modelo A de Atelier Vierkant fabricado en cer\u00e1mica de alta densidad con texturas org\u00e1nicas \u00fanicas para dar vida con estilo tu terraza.","og_url":"https:\/\/teodorabcn.com\/ca\/producte\/a-macetero\/","og_site_name":"Teodora","article_publisher":"https:\/\/www.facebook.com\/profile.php?id=61550838347854","article_modified_time":"2026-02-20T12:50:32+00:00","og_image":[{"width":960,"height":1200,"url":"https:\/\/teodorabcn.com\/wp-content\/uploads\/2026\/02\/Maceta-A-2.png","type":"image\/png"}],"twitter_card":"summary_large_image","twitter_misc":{"Temps estimat de lectura":"1 minut"},"schema":{"@context":"https:\/\/schema.org","@graph":[{"@type":"WebPage","@id":"https:\/\/teodorabcn.com\/producto\/a-macetero\/","url":"https:\/\/teodorabcn.com\/producto\/a-macetero\/","name":"A - Teodora","isPartOf":{"@id":"https:\/\/teodorabcn.com\/#website"},"primaryImageOfPage":{"@id":"https:\/\/teodorabcn.com\/producto\/a-macetero\/#primaryimage"},"image":{"@id":"https:\/\/teodorabcn.com\/producto\/a-macetero\/#primaryimage"},"thumbnailUrl":"https:\/\/teodorabcn.com\/wp-content\/uploads\/2026\/02\/Maceta-A-2.png","datePublished":"2026-02-20T12:48:27+00:00","dateModified":"2026-02-20T12:50:32+00:00","description":"Macetero artesanal modelo A de Atelier Vierkant fabricado en cer\u00e1mica de alta densidad con texturas org\u00e1nicas \u00fanicas para dar vida con estilo tu terraza.","breadcrumb":{"@id":"https:\/\/teodorabcn.com\/producto\/a-macetero\/#breadcrumb"},"inLanguage":"ca","potentialAction":[{"@type":"ReadAction","target":["https:\/\/teodorabcn.com\/producto\/a-macetero\/"]}]},{"@type":"ImageObject","inLanguage":"ca","@id":"https:\/\/teodorabcn.com\/producto\/a-macetero\/#primaryimage","url":"https:\/\/teodorabcn.com\/wp-content\/uploads\/2026\/02\/Maceta-A-2.png","contentUrl":"https:\/\/teodorabcn.com\/wp-content\/uploads\/2026\/02\/Maceta-A-2.png","width":960,"height":1200,"caption":"Maceta A"},{"@type":"BreadcrumbList","@id":"https:\/\/teodorabcn.com\/producto\/a-macetero\/#breadcrumb","itemListElement":[{"@type":"ListItem","position":1,"name":"Portada","item":"https:\/\/teodorabcn.com\/"},{"@type":"ListItem","position":2,"name":"Shop","item":"https:\/\/teodorabcn.com\/shop\/"},{"@type":"ListItem","position":3,"name":"A"}]},{"@type":"WebSite","@id":"https:\/\/teodorabcn.com\/#website","url":"https:\/\/teodorabcn.com\/","name":"Teodora Exteriorisme","description":"Creamos terrazas y jardines con car\u00e1cter.","publisher":{"@id":"https:\/\/teodorabcn.com\/#organization"},"alternateName":"Teodora","potentialAction":[{"@type":"SearchAction","target":{"@type":"EntryPoint","urlTemplate":"https:\/\/teodorabcn.com\/?s={search_term_string}"},"query-input":{"@type":"PropertyValueSpecification","valueRequired":true,"valueName":"search_term_string"}}],"inLanguage":"ca"},{"@type":"Organization","@id":"https:\/\/teodorabcn.com\/#organization","name":"Teodora Exteriorisme","alternateName":"Teodora","url":"https:\/\/teodorabcn.com\/","logo":{"@type":"ImageObject","inLanguage":"ca","@id":"https:\/\/teodorabcn.com\/#\/schema\/logo\/image\/","url":"https:\/\/teodorabcn.com\/wp-content\/uploads\/2023\/10\/Teodora_logo-_EXT-Ok-ESP-e1706538305612.jpg","contentUrl":"https:\/\/teodorabcn.com\/wp-content\/uploads\/2023\/10\/Teodora_logo-_EXT-Ok-ESP-e1706538305612.jpg","width":1540,"height":573,"caption":"Teodora Exteriorismo"},"image":{"@id":"https:\/\/teodorabcn.com\/#\/schema\/logo\/image\/"},"sameAs":["https:\/\/www.facebook.com\/profile.php?id=61550838347854","https:\/\/www.instagram.com\/teodora.exteriorismo\/?hl=es","https:\/\/www.pinterest.es\/teodora_exteriorismo\/","https:\/\/www.linkedin.com\/company\/teodora-bcn-exteriorismo\/"]}]}},"_links":{"self":[{"href":"https:\/\/teodorabcn.com\/ca\/wp-json\/wp\/v2\/product\/5051","targetHints":{"allow":["GET"]}}],"collection":[{"href":"https:\/\/teodorabcn.com\/ca\/wp-json\/wp\/v2\/product"}],"about":[{"href":"https:\/\/teodorabcn.com\/ca\/wp-json\/wp\/v2\/types\/product"}],"replies":[{"embeddable":true,"href":"https:\/\/teodorabcn.com\/ca\/wp-json\/wp\/v2\/comments?post=5051"}],"wp:featuredmedia":[{"embeddable":true,"href":"https:\/\/teodorabcn.com\/ca\/wp-json\/wp\/v2\/media\/5053"}],"wp:attachment":[{"href":"https:\/\/teodorabcn.com\/ca\/wp-json\/wp\/v2\/media?parent=5051"}],"wp:term":[{"taxonomy":"product_brand","embeddable":true,"href":"https:\/\/teodorabcn.com\/ca\/wp-json\/wp\/v2\/product_brand?post=5051"},{"taxonomy":"product_cat","embeddable":true,"href":"https:\/\/teodorabcn.com\/ca\/wp-json\/wp\/v2\/product_cat?post=5051"},{"taxonomy":"product_tag","embeddable":true,"href":"https:\/\/teodorabcn.com\/ca\/wp-json\/wp\/v2\/product_tag?post=5051"}],"curies":[{"name":"wp","href":"https:\/\/api.w.org\/{rel}","templated":true}]}}

<p data-path-to-node="3"><span class="">El macetero de la serie A representa la excelencia en la <strong>artesanía del barro</strong>,</span><span class=""> diseñado para integrarse de forma escultórica en cualquier proyecto de paisajismo.</span><span class=""> C</span><span class="">ada pieza es única y presenta una textura orgánica que resalta la pureza del material y su carácter atemporal.</span></p>
<p data-path-to-node="4"><span class="">Estas piezas, diseñadas en Bélgica, se caracterizan por su </span><b class="" data-path-to-node="4" data-index-in-node="36">extraordinaria resistencia y durabilidad</b><span class="">,</span><span class=""> siendo capaces de soportar climas extremos sin perder su integridad estética.</span></p>

<p>El macetero de la serie A representa la excelencia en la artesanía del barro, diseñado para integrarse de forma escultórica en cualquier proyecto de paisajismo. Cada pieza es única y presenta una textura orgánica que resalta la pureza del material y su carácter atemporal. Estas piezas, diseñadas en Bélgica, se caracterizan por su extraordinaria resistencia [&hellip;]</p>

<!-- This site is optimized with the Yoast SEO plugin v26.6 - https://yoast.com/wordpress/plugins/seo/ -->
<title>A - Teodora</title>
<meta name="description" content="Macetero artesanal modelo A de Atelier Vierkant fabricado en cerámica de alta densidad con texturas orgánicas únicas para dar vida con estilo tu terraza." />
<meta name="robots" content="index, follow, max-snippet:-1, max-image-preview:large, max-video-preview:-1" />
<link rel="canonical" href="https://teodorabcn.com/ca/producte/a-macetero/" />
<meta property="og:locale" content="ca_ES" />
<meta property="og:type" content="article" />
<meta property="og:title" content="A - Teodora" />
<meta property="og:description" content="Macetero artesanal modelo A de Atelier Vierkant fabricado en cerámica de alta densidad con texturas orgánicas únicas para dar vida con estilo tu terraza." />
<meta property="og:url" content="https://teodorabcn.com/ca/producte/a-macetero/" />
<meta property="og:site_name" content="Teodora" />
<meta property="article:publisher" content="https://www.facebook.com/profile.php?id=61550838347854" />
<meta property="article:modified_time" content="2026-02-20T12:50:32+00:00" />
<meta property="og:image" content="https://teodorabcn.com/wp-content/uploads/2026/02/Maceta-A-2.png" />
	<meta property="og:image:width" content="960" />
	<meta property="og:image:height" content="1200" />
	<meta property="og:image:type" content="image/png" />
<meta name="twitter:card" content="summary_large_image" />
<meta name="twitter:label1" content="Temps estimat de lectura" />
	<meta name="twitter:data1" content="1 minut" />
<script type="application/ld+json" class="yoast-schema-graph">{"@context":"https://schema.org","@graph":[{"@type":"WebPage","@id":"https://teodorabcn.com/producto/a-macetero/","url":"https://teodorabcn.com/producto/a-macetero/","name":"A - Teodora","isPartOf":{"@id":"https://teodorabcn.com/#website"},"primaryImageOfPage":{"@id":"https://teodorabcn.com/producto/a-macetero/#primaryimage"},"image":{"@id":"https://teodorabcn.com/producto/a-macetero/#primaryimage"},"thumbnailUrl":"https://teodorabcn.com/wp-content/uploads/2026/02/Maceta-A-2.png","datePublished":"2026-02-20T12:48:27+00:00","dateModified":"2026-02-20T12:50:32+00:00","description":"Macetero artesanal modelo A de Atelier Vierkant fabricado en cerámica de alta densidad con texturas orgánicas únicas para dar vida con estilo tu terraza.","breadcrumb":{"@id":"https://teodorabcn.com/producto/a-macetero/#breadcrumb"},"inLanguage":"ca","potentialAction":[{"@type":"ReadAction","target":["https://teodorabcn.com/producto/a-macetero/"]}]},{"@type":"ImageObject","inLanguage":"ca","@id":"https://teodorabcn.com/producto/a-macetero/#primaryimage","url":"https://teodorabcn.com/wp-content/uploads/2026/02/Maceta-A-2.png","contentUrl":"https://teodorabcn.com/wp-content/uploads/2026/02/Maceta-A-2.png","width":960,"height":1200,"caption":"Maceta A"},{"@type":"BreadcrumbList","@id":"https://teodorabcn.com/producto/a-macetero/#breadcrumb","itemListElement":[{"@type":"ListItem","position":1,"name":"Portada","item":"https://teodorabcn.com/"},{"@type":"ListItem","position":2,"name":"Shop","item":"https://teodorabcn.com/shop/"},{"@type":"ListItem","position":3,"name":"A"}]},{"@type":"WebSite","@id":"https://teodorabcn.com/#website","url":"https://teodorabcn.com/","name":"Teodora Exteriorismo","description":"Creamos terrazas y jardines con carácter.","publisher":{"@id":"https://teodorabcn.com/#organization"},"alternateName":"Teodora","potentialAction":[{"@type":"SearchAction","target":{"@type":"EntryPoint","urlTemplate":"https://teodorabcn.com/?s={search_term_string}"},"query-input":{"@type":"PropertyValueSpecification","valueRequired":true,"valueName":"search_term_string"}}],"inLanguage":"ca"},{"@type":"Organization","@id":"https://teodorabcn.com/#organization","name":"Teodora Exteriorismo","alternateName":"Teodora","url":"https://teodorabcn.com/","logo":{"@type":"ImageObject","inLanguage":"ca","@id":"https://teodorabcn.com/#/schema/logo/image/","url":"https://teodorabcn.com/wp-content/uploads/2023/10/Teodora_logo-_EXT-Ok-ESP-e1706538305612.jpg","contentUrl":"https://teodorabcn.com/wp-content/uploads/2023/10/Teodora_logo-_EXT-Ok-ESP-e1706538305612.jpg","width":1540,"height":573,"caption":"Teodora Exteriorismo"},"image":{"@id":"https://teodorabcn.com/#/schema/logo/image/"},"sameAs":["https://www.facebook.com/profile.php?id=61550838347854","https://www.instagram.com/teodora.exteriorismo/?hl=es","https://www.pinterest.es/teodora_exteriorismo/","https://www.linkedin.com/company/teodora-bcn-exteriorismo/"]}]}</script>
<!-- / Yoast SEO plugin. -->

Macetero artesanal modelo A de Atelier Vierkant fabricado en cerámica de alta densidad con texturas orgánicas únicas para dar vida con estilo tu terraza.

Creamos terrazas y jardines con carácter.
